{"id":3916,"date":"2025-06-02T14:04:48","date_gmt":"2025-06-02T14:04:48","guid":{"rendered":"https:\/\/fondationria.org\/?page_id=3916"},"modified":"2025-06-23T21:55:45","modified_gmt":"2025-06-23T21:55:45","slug":"blogs","status":"publish","type":"page","link":"https:\/\/fondationria.org\/en\/blogs\/","title":{"rendered":"Blogs"},"content":{"rendered":"<div data-elementor-type=\"wp-page\" data-elementor-id=\"3916\" class=\"elementor elementor-3916\">\n\t\t\t\t\t\t<section class=\"elementor-section elementor-top-section elementor-element elementor-element-82ec5e6 elementor-section-stretched elementor-section-content-middle elementor-section-boxed elementor-section-height-default elementor-section-height-default\" data-id=\"82ec5e6\" data-element_type=\"section\" data-settings=\"{&quot;stretch_section&quot;:&quot;section-stretched&quot;,&quot;background_background&quot;:&quot;classic&quot;}\">\n\t\t\t\t\t\t\t<div class=\"elementor-background-overlay\"><\/div>\n\t\t\t\t\t\t\t<div class=\"elementor-container elementor-column-gap-default\">\n\t\t\t\t\t<div class=\"elementor-column elementor-col-100 elementor-top-column elementor-element elementor-element-f784dc0\" data-id=\"f784dc0\" data-element_type=\"column\">\n\t\t\t<div class=\"elementor-widget-wrap elementor-element-populated\">\n\t\t\t\t\t\t<div class=\"elementor-element elementor-element-a51359a elementor-widget elementor-widget-heading\" data-id=\"a51359a\" data-element_type=\"widget\" data-widget_type=\"heading.default\">\n\t\t\t\t<div class=\"elementor-widget-container\">\n\t\t\t\t\t<h1 class=\"elementor-heading-title elementor-size-default\">Our History &amp; Our Impact<\/h1>\t\t\t\t<\/div>\n\t\t\t\t<\/div>\n\t\t\t\t\t<\/div>\n\t\t<\/div>\n\t\t\t\t\t<\/div>\n\t\t<\/section>\n\t\t\t\t<section class=\"elementor-section elementor-top-section elementor-element elementor-element-e343f50 elementor-section-full_width elementor-section-height-default elementor-section-height-default\" data-id=\"e343f50\" data-element_type=\"section\" data-settings=\"{&quot;background_background&quot;:&quot;classic&quot;}\">\n\t\t\t\t\t\t<div class=\"elementor-container elementor-column-gap-default\">\n\t\t\t\t\t<div class=\"elementor-column elementor-col-100 elementor-top-column elementor-element elementor-element-336e822\" data-id=\"336e822\" data-element_type=\"column\">\n\t\t\t<div class=\"elementor-widget-wrap elementor-element-populated\">\n\t\t\t\t\t\t<section class=\"elementor-section elementor-inner-section elementor-element elementor-element-ea653a7 elementor-section-full_width elementor-section-height-default elementor-section-height-default\" data-id=\"ea653a7\" data-element_type=\"section\">\n\t\t\t\t\t\t<div class=\"elementor-container elementor-column-gap-default\">\n\t\t\t\t\t<div class=\"elementor-column elementor-col-100 elementor-inner-column elementor-element elementor-element-15cd939\" data-id=\"15cd939\" data-element_type=\"column\">\n\t\t\t<div class=\"elementor-widget-wrap elementor-element-populated\">\n\t\t\t\t\t\t<div class=\"elementor-element elementor-element-465ec97 elementor-widget elementor-widget-heading\" data-id=\"465ec97\" data-element_type=\"widget\" data-widget_type=\"heading.default\">\n\t\t\t\t<div class=\"elementor-widget-container\">\n\t\t\t\t\t<h1 class=\"elementor-heading-title elementor-size-default\">Because science deserves to be told, shared and experienced.<\/h1>\t\t\t\t<\/div>\n\t\t\t\t<\/div>\n\t\t\t\t<div class=\"elementor-element elementor-element-0c497eb elementor-mobile-align-center elementor-align-center elementor-icon-list--layout-traditional elementor-list-item-link-full_width elementor-widget elementor-widget-icon-list\" data-id=\"0c497eb\" data-element_type=\"widget\" data-widget_type=\"icon-list.default\">\n\t\t\t\t<div class=\"elementor-widget-container\">\n\t\t\t\t\t\t\t<ul class=\"elementor-icon-list-items\">\n\t\t\t\t\t\t\t<li class=\"elementor-icon-list-item\">\n\t\t\t\t\t\t\t\t\t\t\t<span class=\"elementor-icon-list-icon\">\n\t\t\t\t\t\t\t\t\t\t\t\t\t<\/span>\n\t\t\t\t\t\t\t\t\t\t<span class=\"elementor-icon-list-text\">Through our blog, we share insights from the scientific events we cover and reflect on key issues in the world of science.<\/span>\n\t\t\t\t\t\t\t\t\t<\/li>\n\t\t\t\t\t\t<\/ul>\n\t\t\t\t\t\t<\/div>\n\t\t\t\t<\/div>\n\t\t\t\t\t<\/div>\n\t\t<\/div>\n\t\t\t\t\t<\/div>\n\t\t<\/section>\n\t\t\t\t\t<\/div>\n\t\t<\/div>\n\t\t\t\t\t<\/div>\n\t\t<\/section>\n\t\t<div class=\"elementor-element elementor-element-cdbca58 e-flex e-con-boxed e-con e-parent\" data-id=\"cdbca58\" data-element_type=\"container\">\n\t\t\t\t\t<div class=\"e-con-inner\">\n\t\t\t\t<div class=\"elementor-element elementor-element-7fe85a1 elementor-widget elementor-widget-elementskit-blog-posts\" data-id=\"7fe85a1\" data-element_type=\"widget\" data-widget_type=\"elementskit-blog-posts.default\">\n\t\t\t\t<div class=\"elementor-widget-container\">\n\t\t\t\t\t<div class=\"ekit-wid-con\" >        <div id=\"post-items--7fe85a1\" class=\"row post-items\">\n                    <div class=\"col-lg-4 col-md-6\">\n\n                                    <div class=\"elementskit-post-image-card\">\n                        <div class=\"elementskit-entry-header\">\n                                                            <a href=\"https:\/\/fondationria.org\/en\/camp-deveil-scientifique-2e-edition-une-immersion-reussie-au-coeur-du-monde-des-insectes-%f0%9f%90%9c%f0%9f%90%9e\/\" class=\"elementskit-entry-thumb\">\n                                    <img decoding=\"async\" src=\"https:\/\/fondationria.org\/wp-content\/uploads\/2026\/03\/Design-sans-titre-7-1-1024x768.png\" alt=\"Camp d\u2019\u00e9veil scientifique (2e \u00e9dition) : une immersion r\u00e9ussie au c\u0153ur du monde des insectes \ud83d\udc1c\ud83d\udc1e\">\n                                <\/a><!-- .elementskit-entry-thumb END -->\n                                                            \n                            \n\t\t\t\t\t\t\t\t\t\t\t\t\t<\/div><!-- .elementskit-entry-header END -->\n\n\t\t\t\t\t\t<div class=\"elementskit-post-body\">\n\t\t\t\t\t\t\t\n\t\t\t\t\t\t\t\t\t\t\t\t\t\t\t\t\t\t\t\t\t\t\t\t\t\t\t\t\t\t\n\t\t\t\t\t\t\t\t\n\t\t\t\t\t\t\t\t\t\t\t\t\t\t\t\t\t\t\t\t\t<h2 class=\"entry-title\">\n\t\t\t\t\t<a href=\"https:\/\/fondationria.org\/en\/camp-deveil-scientifique-2e-edition-une-immersion-reussie-au-coeur-du-monde-des-insectes-%f0%9f%90%9c%f0%9f%90%9e\/\">\n\t\t\t\t\t\tCamp d\u2019\u00e9veil scientifique (2e \u00e9dition) : une immersion r\u00e9ussie au c\u0153ur du monde des insectes \ud83d\udc1c\ud83d\udc1e\t\t\t\t\t<\/a>\n\t\t\t\t<\/h2>\n\t\t\t\t\t\t\t\t\t\t\t\t\t\t\t\t\t\t\t\t\t\t\t\t\t\t\t\t\t\t\t\t                                                            <div class=\"btn-wraper\">\n                                    \n                                                                            <a class=\"elementskit-btn whitespace--normal\" id=\"\" href=\"https:\/\/fondationria.org\/en\/camp-deveil-scientifique-2e-edition-une-immersion-reussie-au-coeur-du-monde-des-insectes-%f0%9f%90%9c%f0%9f%90%9e\/\">\n                                        \t                                            Learn more                                        <\/a>\n                                                                    <\/div>\n                                                    <\/div><!-- .elementskit-post-body END -->\n                    <\/div>\n                \n            <\/div>\n                    <div class=\"col-lg-4 col-md-6\">\n\n                                    <div class=\"elementskit-post-image-card\">\n                        <div class=\"elementskit-entry-header\">\n                                                            <a href=\"https:\/\/fondationria.org\/en\/les-enfants-a-la-decouverte-du-monde-des-insectes-la-fria-lance-la-2%e1%b5%89-edition-de-son-camp-deveil-scientifique\/\" class=\"elementskit-entry-thumb\">\n                                    <img decoding=\"async\" src=\"https:\/\/fondationria.org\/wp-content\/uploads\/2026\/02\/Design-sans-titre-1-2-683x1024.png\" alt=\"Les enfants \u00e0 la d\u00e9couverte du monde des insectes : la FRIA lance la 2\u1d49 \u00e9dition de son Camp d\u2019\u00c9veil Scientifique\">\n                                <\/a><!-- .elementskit-entry-thumb END -->\n                                                            \n                            \n\t\t\t\t\t\t\t\t\t\t\t\t\t<\/div><!-- .elementskit-entry-header END -->\n\n\t\t\t\t\t\t<div class=\"elementskit-post-body\">\n\t\t\t\t\t\t\t\n\t\t\t\t\t\t\t\t\t\t\t\t\t\t\t\t\t\t\t\t\t\t\t\t\t\t\t\t\t\t\n\t\t\t\t\t\t\t\t\n\t\t\t\t\t\t\t\t\t\t\t\t\t\t\t\t\t\t\t\t\t<h2 class=\"entry-title\">\n\t\t\t\t\t<a href=\"https:\/\/fondationria.org\/en\/les-enfants-a-la-decouverte-du-monde-des-insectes-la-fria-lance-la-2%e1%b5%89-edition-de-son-camp-deveil-scientifique\/\">\n\t\t\t\t\t\tLes enfants \u00e0 la d\u00e9couverte du monde des insectes : la FRIA lance la 2\u1d49 \u00e9dition de son Camp d\u2019\u00c9veil Scientifique\t\t\t\t\t<\/a>\n\t\t\t\t<\/h2>\n\t\t\t\t\t\t\t\t\t\t\t\t\t\t\t\t\t\t\t\t\t\t\t\t\t\t\t\t\t\t\t\t                                                            <div class=\"btn-wraper\">\n                                    \n                                                                            <a class=\"elementskit-btn whitespace--normal\" id=\"\" href=\"https:\/\/fondationria.org\/en\/les-enfants-a-la-decouverte-du-monde-des-insectes-la-fria-lance-la-2%e1%b5%89-edition-de-son-camp-deveil-scientifique\/\">\n                                        \t                                            Learn more                                        <\/a>\n                                                                    <\/div>\n                                                    <\/div><!-- .elementskit-post-body END -->\n                    <\/div>\n                \n            <\/div>\n                    <div class=\"col-lg-4 col-md-6\">\n\n                                    <div class=\"elementskit-post-image-card\">\n                        <div class=\"elementskit-entry-header\">\n                                                            <a href=\"https:\/\/fondationria.org\/en\/appel-a-recrutement\/\" class=\"elementskit-entry-thumb\">\n                                    <img decoding=\"async\" src=\"https:\/\/fondationria.org\/wp-content\/uploads\/2025\/12\/Recrutement-assistant-projet-1024x1024.png\" alt=\"Appel \u00e0 recrutement\">\n                                <\/a><!-- .elementskit-entry-thumb END -->\n                                                            \n                            \n\t\t\t\t\t\t\t\t\t\t\t\t\t<\/div><!-- .elementskit-entry-header END -->\n\n\t\t\t\t\t\t<div class=\"elementskit-post-body\">\n\t\t\t\t\t\t\t\n\t\t\t\t\t\t\t\t\t\t\t\t\t\t\t\t\t\t\t\t\t\t\t\t\t\t\t\t\t\t\n\t\t\t\t\t\t\t\t\n\t\t\t\t\t\t\t\t\t\t\t\t\t\t\t\t\t\t\t\t\t<h2 class=\"entry-title\">\n\t\t\t\t\t<a href=\"https:\/\/fondationria.org\/en\/appel-a-recrutement\/\">\n\t\t\t\t\t\tAppel \u00e0 recrutement\t\t\t\t\t<\/a>\n\t\t\t\t<\/h2>\n\t\t\t\t\t\t\t\t\t\t\t\t\t\t\t\t\t\t\t\t\t\t\t\t\t\t\t\t\t\t\t\t                                                            <div class=\"btn-wraper\">\n                                    \n                                                                            <a class=\"elementskit-btn whitespace--normal\" id=\"\" href=\"https:\/\/fondationria.org\/en\/appel-a-recrutement\/\">\n                                        \t                                            Learn more                                        <\/a>\n                                                                    <\/div>\n                                                    <\/div><!-- .elementskit-post-body END -->\n                    <\/div>\n                \n            <\/div>\n                <\/div>\n       <\/div>\t\t\t\t<\/div>\n\t\t\t\t<\/div>\n\t\t\t\t\t<\/div>\n\t\t\t\t<\/div>\n\t\t\t\t<\/div>","protected":false},"excerpt":{"rendered":"<p>Notre Histoire &amp; Notre Impact Parce que la science m\u00e9rite d\u2019\u00eatre racont\u00e9e, partag\u00e9e et v\u00e9cue. Avec nos articles, nous partageons les le\u00e7ons tir\u00e9es des \u00e9v\u00e9nements scientifiques que nous couvrons, mais aussi nos r\u00e9flexions sur les enjeux cl\u00e9s du monde de la science. Science Fest Abidjan En savoir plus<\/p>","protected":false},"author":1,"featured_media":0,"parent":0,"menu_order":0,"comment_status":"closed","ping_status":"closed","template":"","meta":{"footnotes":""},"class_list":["post-3916","page","type-page","status-publish","hentry"],"_links":{"self":[{"href":"https:\/\/fondationria.org\/en\/wp-json\/wp\/v2\/pages\/3916","targetHints":{"allow":["GET"]}}],"collection":[{"href":"https:\/\/fondationria.org\/en\/wp-json\/wp\/v2\/pages"}],"about":[{"href":"https:\/\/fondationria.org\/en\/wp-json\/wp\/v2\/types\/page"}],"author":[{"embeddable":true,"href":"https:\/\/fondationria.org\/en\/wp-json\/wp\/v2\/users\/1"}],"replies":[{"embeddable":true,"href":"https:\/\/fondationria.org\/en\/wp-json\/wp\/v2\/comments?post=3916"}],"version-history":[{"count":11,"href":"https:\/\/fondationria.org\/en\/wp-json\/wp\/v2\/pages\/3916\/revisions"}],"predecessor-version":[{"id":4965,"href":"https:\/\/fondationria.org\/en\/wp-json\/wp\/v2\/pages\/3916\/revisions\/4965"}],"wp:attachment":[{"href":"https:\/\/fondationria.org\/en\/wp-json\/wp\/v2\/media?parent=3916"}],"curies":[{"name":"wp","href":"https:\/\/api.w.org\/{rel}","templated":true}]}}

<div data-elementor-type="wp-page" data-elementor-id="3916" class="elementor elementor-3916">
						<section class="elementor-section elementor-top-section elementor-element elementor-element-82ec5e6 elementor-section-stretched elementor-section-content-middle elementor-section-boxed elementor-section-height-default elementor-section-height-default" data-id="82ec5e6" data-element_type="section" data-settings="{&quot;stretch_section&quot;:&quot;section-stretched&quot;,&quot;background_background&quot;:&quot;classic&quot;}">
							<div class="elementor-background-overlay"></div>
							<div class="elementor-container elementor-column-gap-default">
					<div class="elementor-column elementor-col-100 elementor-top-column elementor-element elementor-element-f784dc0" data-id="f784dc0" data-element_type="column">
			<div class="elementor-widget-wrap elementor-element-populated">
						<div class="elementor-element elementor-element-a51359a elementor-widget elementor-widget-heading" data-id="a51359a" data-element_type="widget" data-widget_type="heading.default">
				<div class="elementor-widget-container">
					<h1 class="elementor-heading-title elementor-size-default">Our History &amp; Our Impact</h1>				</div>
				</div>
					</div>
		</div>
					</div>
		</section>
				<section class="elementor-section elementor-top-section elementor-element elementor-element-e343f50 elementor-section-full_width elementor-section-height-default elementor-section-height-default" data-id="e343f50" data-element_type="section" data-settings="{&quot;background_background&quot;:&quot;classic&quot;}">
						<div class="elementor-container elementor-column-gap-default">
					<div class="elementor-column elementor-col-100 elementor-top-column elementor-element elementor-element-336e822" data-id="336e822" data-element_type="column">
			<div class="elementor-widget-wrap elementor-element-populated">
						<section class="elementor-section elementor-inner-section elementor-element elementor-element-ea653a7 elementor-section-full_width elementor-section-height-default elementor-section-height-default" data-id="ea653a7" data-element_type="section">
						<div class="elementor-container elementor-column-gap-default">
					<div class="elementor-column elementor-col-100 elementor-inner-column elementor-element elementor-element-15cd939" data-id="15cd939" data-element_type="column">
			<div class="elementor-widget-wrap elementor-element-populated">
						<div class="elementor-element elementor-element-465ec97 elementor-widget elementor-widget-heading" data-id="465ec97" data-element_type="widget" data-widget_type="heading.default">
				<div class="elementor-widget-container">
					<h1 class="elementor-heading-title elementor-size-default">Because science deserves to be told, shared and experienced.</h1>				</div>
				</div>
				<div class="elementor-element elementor-element-0c497eb elementor-mobile-align-center elementor-align-center elementor-icon-list--layout-traditional elementor-list-item-link-full_width elementor-widget elementor-widget-icon-list" data-id="0c497eb" data-element_type="widget" data-widget_type="icon-list.default">
				<div class="elementor-widget-container">
							<ul class="elementor-icon-list-items">
							<li class="elementor-icon-list-item">
											<span class="elementor-icon-list-icon">
													</span>
										<span class="elementor-icon-list-text">Through our blog, we share insights from the scientific events we cover and reflect on key issues in the world of science.</span>
									</li>
						</ul>
						</div>
				</div>
					</div>
		</div>
					</div>
		</section>
					</div>
		</div>
					</div>
		</section>
		<div class="elementor-element elementor-element-cdbca58 e-flex e-con-boxed e-con e-parent" data-id="cdbca58" data-element_type="container">
					<div class="e-con-inner">
				<div class="elementor-element elementor-element-7fe85a1 elementor-widget elementor-widget-elementskit-blog-posts" data-id="7fe85a1" data-element_type="widget" data-widget_type="elementskit-blog-posts.default">
				<div class="elementor-widget-container">
					<div class="ekit-wid-con" >        <div id="post-items--7fe85a1" class="row post-items">
                    <div class="col-lg-4 col-md-6">

                                    <div class="elementskit-post-image-card">
                        <div class="elementskit-entry-header">
                                                            <a href="https://fondationria.org/en/camp-deveil-scientifique-2e-edition-une-immersion-reussie-au-coeur-du-monde-des-insectes-%f0%9f%90%9c%f0%9f%90%9e/" class="elementskit-entry-thumb">
                                    <img decoding="async" src="https://fondationria.org/wp-content/uploads/2026/03/Design-sans-titre-7-1-1024x768.png" alt="Camp d’éveil scientifique (2e édition) : une immersion réussie au cœur du monde des insectes 🐜🐞">
                                </a><!-- .elementskit-entry-thumb END -->
                                                            
                            
													</div><!-- .elementskit-entry-header END -->

						<div class="elementskit-post-body">
							
																														
								
																					<h2 class="entry-title">
					<a href="https://fondationria.org/en/camp-deveil-scientifique-2e-edition-une-immersion-reussie-au-coeur-du-monde-des-insectes-%f0%9f%90%9c%f0%9f%90%9e/">
						Camp d’éveil scientifique (2e édition) : une immersion réussie au cœur du monde des insectes 🐜🐞					</a>
				</h2>
																																                                                            <div class="btn-wraper">
                                    
                                                                            <a class="elementskit-btn whitespace--normal" id="" href="https://fondationria.org/en/camp-deveil-scientifique-2e-edition-une-immersion-reussie-au-coeur-du-monde-des-insectes-%f0%9f%90%9c%f0%9f%90%9e/">
                                        	                                            Learn more                                        </a>
                                                                    </div>
                                                    </div><!-- .elementskit-post-body END -->
                    </div>
                
            </div>
                    <div class="col-lg-4 col-md-6">

                                    <div class="elementskit-post-image-card">
                        <div class="elementskit-entry-header">
                                                            <a href="https://fondationria.org/en/les-enfants-a-la-decouverte-du-monde-des-insectes-la-fria-lance-la-2%e1%b5%89-edition-de-son-camp-deveil-scientifique/" class="elementskit-entry-thumb">
                                    <img decoding="async" src="https://fondationria.org/wp-content/uploads/2026/02/Design-sans-titre-1-2-683x1024.png" alt="Les enfants à la découverte du monde des insectes : la FRIA lance la 2ᵉ édition de son Camp d’Éveil Scientifique">
                                </a><!-- .elementskit-entry-thumb END -->
                                                            
                            
													</div><!-- .elementskit-entry-header END -->

						<div class="elementskit-post-body">
							
																														
								
																					<h2 class="entry-title">
					<a href="https://fondationria.org/en/les-enfants-a-la-decouverte-du-monde-des-insectes-la-fria-lance-la-2%e1%b5%89-edition-de-son-camp-deveil-scientifique/">
						Les enfants à la découverte du monde des insectes : la FRIA lance la 2ᵉ édition de son Camp d’Éveil Scientifique					</a>
				</h2>
																																                                                            <div class="btn-wraper">
                                    
                                                                            <a class="elementskit-btn whitespace--normal" id="" href="https://fondationria.org/en/les-enfants-a-la-decouverte-du-monde-des-insectes-la-fria-lance-la-2%e1%b5%89-edition-de-son-camp-deveil-scientifique/">
                                        	                                            Learn more                                        </a>
                                                                    </div>
                                                    </div><!-- .elementskit-post-body END -->
                    </div>
                
            </div>
                    <div class="col-lg-4 col-md-6">

                                    <div class="elementskit-post-image-card">
                        <div class="elementskit-entry-header">
                                                            <a href="https://fondationria.org/en/appel-a-recrutement/" class="elementskit-entry-thumb">
                                    <img decoding="async" src="https://fondationria.org/wp-content/uploads/2025/12/Recrutement-assistant-projet-1024x1024.png" alt="Appel à recrutement">
                                </a><!-- .elementskit-entry-thumb END -->
                                                            
                            
													</div><!-- .elementskit-entry-header END -->

						<div class="elementskit-post-body">
							
																														
								
																					<h2 class="entry-title">
					<a href="https://fondationria.org/en/appel-a-recrutement/">
						Appel à recrutement					</a>
				</h2>
																																                                                            <div class="btn-wraper">
                                    
                                                                            <a class="elementskit-btn whitespace--normal" id="" href="https://fondationria.org/en/appel-a-recrutement/">
                                        	                                            Learn more                                        </a>
                                                                    </div>
                                                    </div><!-- .elementskit-post-body END -->
                    </div>
                
            </div>
                </div>
       </div>				</div>
				</div>
					</div>
				</div>
				</div>

<p>Notre Histoire &amp; Notre Impact Parce que la science mérite d’être racontée, partagée et vécue. Avec nos articles, nous partageons les leçons tirées des événements scientifiques que nous couvrons, mais aussi nos réflexions sur les enjeux clés du monde de la science. Science Fest Abidjan En savoir plus</p>
